/18. Calculate the highest common divisor of b and 284.
71
Let u(g) = -7*g - 522. Let v be u(-78). Calculate the highest common divisor of v and 276.
12
Let j be 57868/2737*(-525)/(-2). Calculate the highest common divisor of 300 and j.
150
Let q(r) = 2*r**3 + 92*r**2 - 38*r - 146. Let o be q(-46). Calculate the highest common factor of 54 and o.
18
Let r be (-1)/2 + 719/(-2) - -4. Let c be -4 - 2/(3 + r/116). Calculate the greatest common factor of c and 5.
5
Suppose 2*h = -5*z + 6 + 3, 0 = -4*z + 12. Let l be 1*2 + (2 + h)*-1. Suppose -4*r = -l*r - 60. What is the greatest common divisor of r and 24?
12
Let o(z) = 0*z**2 + 8*z - 27 - z**2 + 18*z - 5*z. Let i be o(18). What is the greatest common factor of i and 1?
1
Let r be 2 - ((-240)/(-192) + (-10)/8). Suppose -r = -2*z, -c - 6*z + z = -44. Calculate the greatest common factor of c and 3.
3
Suppose 2*t = -4*h + 160, -t + 5*h = -2*t + 92. Suppose -5*f + o + 42 = -52, -4*o = -4*f + t. What is the highest common divisor of f and 19?
19
Let c be ((-8)/(-2))/(-16) + 898/8. Suppose 4*p - 2 = 3*p, -c = -3*x + p. Suppose -x*i - 8 = -39*i. What is the highest common divisor of 1 and i?
1
Suppose 5*x - 1469 = -3*o + 867, 1408 = 3*x + o. What is the greatest common divisor of 8 and x?
8
Suppose 156*y - 2 = 154*y. Let b be (-112)/(y - 3) + 3/1. What is the highest common factor of b and 649?
59
Let g be -3*(-1 + 2)*-20. Suppose 80*a - 1742 - 1858 = 0. Calculate the highest common divisor of a and g.
15
Suppose -13*w - 36*w = -24*w - 68975. Calculate the highest common divisor of 217 and w.
31
Let q = -370 - -374. Suppose 216 = -q*y + 12*y. Suppose 15 = 5*j, -2*j = -l - 3*l + 318. Calculate the highest common divisor of y and l.
27
Suppose 4*w + 10*i - 1502 = 11*i, 756 = 2*w + 2*i. Suppose 2*y + 32 = w. Calculate the greatest common factor of 43 and y.
43
Let g be ((40/15)/(-4))/(7/(-63)). Suppose -5 = 3*o - 17. Suppose -2*i + 2 = -o. Calculate the greatest common divisor of g and i.
3
Let q be (1/((10/12)/5))/((-16)/(-1480)). What is the greatest common divisor of 315 and q?
15
Let c be (-37936)/(-20) + (32/(-20))/2. What is the highest common divisor of 24 and c?
24
Suppose 1 = 2*j - 5*i - 4, -3*j - i + 16 = 0. Suppose -h + 8 = 5*p - 27, -j*p = -25. Let x be 5/h*74 - -3. Calculate the highest common divisor of x and 20.
20
Let v = 422 - 420. Suppose 3*f - 2*p - 100 = v*p, -4*p = 2*f - 60. What is the greatest common factor of f and 176?
16
Suppose 523*z - 510*z + 24876 - 121856 = 0. Calculate the greatest common divisor of 160 and z.
20
Suppose 0*m + 5*m = 0. Let l = 3533 + -3532. Suppose m*r - 54 = -r - 3*v, -v = -l. Calculate the highest common factor of r and 459.
51
Suppose 0 = -4*l - 4*w + 92, l - 4*w + 2 + 0 = 0. Suppose 15*c = l*c + 39. Let a(j) = -2*j - 22. Let b be a(c). What is the highest common factor of 8 and b?
4
Let r(j) = 3*j**2 - 30*j + 24. Let t be r(12). What is the greatest common divisor of 3000 and t?
24
Let p be ((-2)/(-6))/((-4)/(-36)). Suppose -p*j - 16 = -4*j. Let f = 2262 + -2258. What is the highest common divisor of j and f?
4
Suppose -1150 = -16*v + 1506. Calculate the highest common factor of v and 2407.
83
Let k(z) = 2*z**2 + 4*z - 3. Let s = -105 + 107. Let d be k(s). Suppose -315 = -d*c + 8*c. What is the highest common divisor of 315 and c?
63
Suppose 0 = -16*h + 20*h - p - 14, 15*h = 4*p + 51. What is the greatest common factor of 29 and h?
1
Suppose -5*i - 27 + 97 = 0. Let f = 25 - i. Let v be (((-2)/(-10))/(6/(-15)))/((-244)/488). Calculate the highest common factor of v and f.
1
Let n(b) = 15*b - 96. Let j be n(9). Suppose -5*r + 1047 = 4*i - 654, 426 = i + r. What is the highest common factor of j and i?
39
Let u = -2742 - -3216. Calculate the greatest common divisor of 162 and u.
6
Suppose s + 38*y - 455 = 34*y, -y + 5 = 0. What is the greatest common divisor of 90 and s?
15
Suppose -3*c + 0*c - 2*o = -398, -c + 146 = -2*o. Suppose 452 + c = 6*u. What is the highest common factor of u and 126?
14
Let f(d) = 2*d**3 - 148*d**2 - 155*d - 217. Let x be f(76). What is the highest common divisor of x and 29?
29
Let c = 2707 + -2692. Let v(u) = 21*u. Let n be v(5). Calculate the highest common factor of c and n.
15
Let v(j) = -738*j + 17766. Let s be v(24). What is the greatest common factor of 744 and s?
6
Let x = -150 - -19. Let q = x + 251. Let h = q + -93. Calculate the highest common factor of 189 and h.
27
Let l(q) = 9*q - 1. Let c be (-3)/4 + 14/8. Let p be l(c). Suppose -2*s + 4 = -p. Calculate the highest common factor of s and 6.
6
Suppose 4*g + 3*x - 3425 = 0, 0 = 305*g - 304*g + 3*x - 845. What is the highest common divisor of g and 1204?
172
Let o be (-3)/2*10/(-3). Suppose o*f + 3*q - 49 = 0, -2*f + 5*q + 4 - 3 = 0. Let j be -2 + (f - 5)*48/9. What is the highest common divisor of 21 and j?
7
Let h = 794 - -2151. What is the highest common factor of h and 19?
19
Let n(t) = 37*t - 1980. Let j be n(63). Calculate the highest common factor of 153 and j.
9
Suppose 127*o - 6561 = 11092. Calculate the highest common divisor of 2224 and o.
139
Let b be (-37)/(-4) + (-2)/8. Suppose v + 409 = 4*r + 384, r + 2*v = -32. Calculate the greatest common factor of r and b.
1
Let o be 3 - (93863/(-88) - (-3)/(-8)). Suppose 1226 = 14*u - o. Calculate the greatest common factor of u and 246.
82
Suppose -52 = -4*k - 13*m + 15*m, -k + 8 = 2*m. Suppose -5*s + 131 = z - k, -5*s - 2*z + 146 = 0. Calculate the highest common divisor of s and 448.
28
Let k(i) = 7*i**3 - 3*i**2 + 5*i - 6. Let w be (-4)/(((-1)/3)/((-15)/(-45))). Let m be k(w). What is the highest common divisor of 18 and m?
18
Let f(u) = -2*u**2 + 451*u - 3879. Let n be f(216). Let l be (1*-2)/1 + 27. Calculate the greatest common factor of l and n.
25
Let h = 12 - 9. Let r be h/(-3 + 39/14). Let w = r - -32. What is the greatest common divisor of 2 and w?
2
Let w = -3756 + 3767. Calculate the greatest common divisor of w and 6787.
11
Let q(s) = s**3 - 7*s**2 - 15*s - 8. Let n be q(9). Let t be 96/16 - -146*1. What is the greatest common divisor of t and n?
19
Let j be 5628/78 + (-2)/13. Let s = -152 - -161. Calculate the highest common factor of s and j.
9
Suppose 0 = 2*m - 33*g + 34*g - 35, 4*m - 105 = 5*g. What is the highest common factor of 5120 and m?
20
Suppose 4*m - 215 = h, -h = m + h - 65. Suppose -12*y = -20*y + 40. Suppose 5*d - 6*d = -y. What is the greatest common divisor of m and d?
5
Suppose 64*z = 68*z - o - 86, -5*z + 5*o + 85 = 0. What is the highest common divisor of z and 12581?
23
Let d(n) = -3*n**2 + n + 3. Let b be d(0). Suppose 0 = 5*c - 2*x - 25 - 147, -104 = -b*c + x. What is the greatest common factor of c and 3?
3
Let a = 425 + -403. Suppose 140 + 223 = 3*p. Calculate the greatest common divisor of p and a.
11
Suppose -48 = -l - 2*l. Suppose 2*q + l = 64. Let t be 95/(-19) - ((-505)/5)/1. Calculate the greatest common divisor of t and q.
24
Let x = 1386 - -2150. What is the highest common factor of x and 416?
208
Let c be 64 + 1 - (-29)/(-14 - 15). Calculate the highest common factor of 1968 and c.
16
Suppose 0 = -14*v + 3917 + 73. What is the greatest common divisor of 2052 and v?
57
Suppose 11*u + 60 = 764. Let i be (-27)/(-24) - 8/u. What is the greatest common factor of i and 31?
1
Suppose -57622 - 5686 = -133*i. Calculate the highest common divisor of i and 112.
28
Let t = -15733 - -16031. What is the greatest common factor of t and 16?
2
Let b(s) = -14 - 17 + 20 + s. Let j be b(18). Let y = 17 - j. Calculate the highest common divisor of y and 40.
10
Suppose -2*r + 0*v - 3*v + 20 = 0, -r = 2*v - 9. Suppose 2*n - 4*n - 3*h = -170, 75 = n + 4*h. Calculate the highest common divisor of n and r.
13
Suppose -9*o + 1780 = 11*o. Suppose g = -4*k + 163 - 43, -3*k = g - o. Calculate the highest common divisor of 279 and k.
31
Suppose 0 = 2*o + 84 - 92. Suppose -2*s + 14 = -4*f, o*s = 2*f - 6*f + 16. Let k be (-1 + 28/12)*(32 - f). What is the greatest common factor of 44 and k?
44
Let o be (-8209)/(-23) - ((-4)/5 - (-8364)/11730). What is the greatest common divisor of o and 3978?
51
Suppose 101*p - 117*p + 240 = 0. What is the greatest common factor of 8445 and p?
15
Let q(r) = -r**2 + 20*r - 50. Let k be q(10). Suppose -56*t + 378 = -k*t. Calculate the greatest common factor of 9 